 by 1498?
1301
What is the remainder when 76174 is divided by 2?
0
Calculate the remainder when 18934782 is divided by 295.
207
Calculate the remainder when 4729333 is divided by 13668.
205
What is the remainder when 16533675 is divided by 1076?
935
Calculate the remainder when 44797787 is divided by 1148661.
8
Calculate the remainder when 10375976 is divided by 10502.
0
Calculate the remainder when 6006765 is divided by 85.
70
What is the remainder when 57372 is divided by 686?
434
What is the remainder when 6816023 is divided by 1363198?
33
Calculate the remainder when 2908956 is divided by 1230.
6
Calculate the remainder when 977690 is divided by 87.
71
Calculate the remainder when 3012717 is divided by 334699.
426
Calculate the remainder when 10687440 is divided by 3562479.
3
What is the remainder when 188487 is divided by 1903?
90
What is the remainder when 969305 is divided by 23074?
197
Calculate the remainder when 660383 is divided by 24422.
989
Calculate the remainder when 47029 is divided by 2760.
109
Calculate the remainder when 6344717 is divided by 1268942.
7
Calculate the remainder when 3160234 is divided by 6900.
34
Calculate the remainder when 350698157 is divided by 20.
17
What is the remainder when 980507 is divided by 13236?
1043
What is the remainder when 5200330 is divided by 169?
31
Calculate the remainder when 18083868 is divided by 3657.
3
What is the remainder when 558734397 is divided by 8?
5
Calculate the remainder when 192416 is divided by 1500.
416
Calculate the remainder when 7784861 is divided by 13.
6
What is the remainder when 4359299 is divided by 130?
9
Calculate the remainder when 303092 is divided by 151544.
4
What is the remainder when 35827716 is divided by 1238?
1234
Calculate the remainder when 5590039 is divided by 116459.
7
Calculate the remainder when 31857497 is divided by 35124.
29
Calculate the remainder when 331973 is divided by 165976.
21
Calculate the remainder when 1418656 is divided by 283731.
1
Calculate the remainder when 131665 is divided by 4829.
1282
Calculate the remainder when 10444448 is divided by 8682.
2
What is the remainder when 12540895 is divided by 2905?
10
What is the remainder when 35157 is divided by 17444?
269
What is the remainder when 69735 is divided by 69449?
286
Calculate the remainder when 12838426 is divided by 10141.
10061
Calculate the remainder when 983871 is divided by 180.
171
What is the remainder when 205197396 is divided by 967?
963
What is the remainder when 5795306 is divided by 965865?
116
Calculate the remainder when 161373 is divided by 1389.
249
What is the remainder when 450723 is divided by 58?
5
What is the remainder when 900785 is divided by 180153?
20
Calculate the remainder when 401409 is divided by 1457.
734
What is the remainder when 1246172727 is divided by 7691?
7688
Calculate the remainder when 52126362 is divided by 15.
12
Calculate the remainder when 218785 is divided by 5583.
1048
Calculate the remainder when 4091118 is divided by 5245.
18
What is the remainder when 12394462 is divided by 2256?
2254
What is the remainder when 246980 is divided by 374?
140
Calculate the remainder when 12341 is divided by 4444.
3453
What is the remainder when 477186837 is divided by 36?
33
What is the remainder when 25041697 is divided by 710?
707
What is the remainder when 79430998 is divided by 1992?
1990
Calculate the remainder when 35991434 is divided by 4673.
4661
Calculate the remainder when 1070643 is divided by 6259.
354
What is the remainder when 266973 is divided by 6348?
357
Calculate the remainder when 13782 is divided by 2007.
1740
Calculate the remainder when 1475818 is divided by 6.
4
Calculate the remainder when 46779 is divided by 37429.
9350
Calculate the remainder when 184099 is divided by 15334.
91
What is the remainder when 47545 is divided by 1986?
1867
Calculate the remainder when 357546 is divided by 4781.
3752
Calculate the remainder when 6994369 is divided by 582861.
37
Calculate the remainder when 297969 is divided by 10617.
693
What is the remainder when 32449 is divided by 1148?
305
What is the remainder when 6053 is divided by 6023?
30
Calculate the remainder when 326219 is divided by 764.
755
What is the remainder when 21271 is divided by 3399?
877
Calculate the remainder when 858170 is divided by 166.
116
Calculate the remainder when 2638490 is divided by 438.
416
What is the remainder when 36848953 is divided by 33?
31
Calculate the remainder when 504436 is divided by 3015.
931
Calculate the remainder when 1492717 is divided by 21021.
226
What is the remainder when 1480277 is divided by 188?
153
Calculate the remainder when 70499 is divided by 1216.
1187
Calculate the remainder when 10276799 is divided by 570932.
23
What is the remainder when 827471 is divided by 220?
51
Calculate the remainder when 27390713 is divided by 34153.
7
Calculate the remainder when 171114 is divided by 478.
468
What is the remainder when 1702223 is divided by 2639?
68
What is the remainder when 197266 is divided by 257?
147
Calculate the remainder when 2580563 is divided by 322565.
43
Calculate the remainder when 2164114 is divided by 803.
29
What is the remainder when 275251062 is divided by 28919?
20
Calculate the remainder when 20037 is divided by 931.
486
Calculate the remainder when 46811915 is divided by 88158.
17
Calculate the remainder when 68971 is divided by 1569.
1504
What is the remainder when 87976624 is divided by 1937?
21
What is the remainder when 28754587 is divided by 1610?
1597
What is the remainder when 2697440 is divided by 481?
473
Calculate the remainder when 394588 is divided by 1651.
1650
Calculate the remainder when 31799754 is divided by 3974968.
10
What is the remainder when 896245 is divided by 96?
85
What is the remainder when 8573779 is divided by 148?
139
What is the remainder when 151666358 is divided by 1011109?
8
What is the remainder when 369249 is divided by 2776?
41
What is the remainder when 609015 is divided by 7863?
3564
What is the remainder when 829075930 is divided by 54?
52
Calculate the remainder when 71012 is divided by 3933.
218
What is the remainder when 1862270 is divided by 93112?
30
What is the remainder when 852541 is divided by 36?
25
What is the remainder when 66610 is divided by 66396?
214
What is the remainder when 6962292 is divided by 696227?
22
What is the remainder when 8416384 is divided by 1253?
1236
Calculate the remainder when 29296781 is divided by 27.
26
Calculate the remainder when 6314282 is divided by 86497.
1
Calculate the remainder when 814964 is divided by 69.
5
What is the remainder when 26361 is divided by 24415?
1946
What is the remainder when 5442060 is divided by 5053?
5032
Calculate the remainder when 26752 is divided by 4638.
3562
Calculate the remainder when 1423844456 is divided by 10849.
10847
Calculate the remainder when 1087345 is divided by 10520.
3785
Calculate the remainder when 6882898 is divided by 14707.
22
Calculate the remainder when 7867797 is divided by 1269.
1266
Calculate the remainder when 180159836 is divided by 393.
383
What is the remainder when 4038752 is divided by 4?
0
Calculate the remainder when 17015 is divided by 2220.
1475
What is the remainder when 22551 is divided by 3217?
32
What is the remainder when 687108 is divided by 22151?
427
What is the remainder when 8683 is divided by 2920?
2843
Calculate the remainder when 757005 is divided by 31537.
117
What is the remainder when 1247444 is divided by 2045?
2039
Calculate the remainder when 105674 is divided by 619.
444
Calculate the remainder when 7068337 is divided by 4747.
54
Calculate the remainder when 14492012 is divided by 1517.
111
What is the remainder when 64557702 is divided by 136?
134
What is the remainder when 112888 is divided by 3512?
504
What is the remainder when 174125 is divided by 776?
301
Calculate the remainder when 11555423 is divided by 105.
68
Calculate the remainder when 21450717 is divided by 4640.
4637
Calculate the remainder when 75960776 is divided by 980.
976
Calculate the remainder when 3798220 is divided by 412.
404
Calculate the remainder when 127915 is divided by 26.
21
What is the remainder when 2615677 is divided by 2843?
117
What is the remainder whe